4
Let z(x) = 4929*x + 123216. Determine z(-25).
-9
Let q(k) = -4*k**2 - 319*k - 652. What is q(-78)?
-106
Let b(t) = t**2 + 4773*t - 246060. Calculate b(51).
-36
Let t(r) = -16805*r - 2369505. Calculate t(-141).
0
Let b(h) = 6*h**3 + 5*h**2 - 21*h - 89. What is b(4)?
291
Let o(k) = -1860*k + 7698. What is o(4)?
258
Let k(h) = -219*h**3 - 27375*h**2 + 4*h + 427. Give k(-125).
-73
Let v(w) = -38*w + 5051. What is v(133)?
-3
Let o(i) = -15*i**3 - 11*i**2 - 3497*i - 6945. What is o(-2)?
125
Let c(o) = o**3 + 50*o**2 - 130*o - 1044. Calculate c(-52).
308
Let j(u) = u**3 - 12*u**2 + 100*u - 473. What is j(6)?
-89
Let n(w) = -22*w**2 + 937*w - 2587. Give n(3).
26
Let v(j) = -10478*j - 544892. Determine v(-52).
-36
Let j(b) = 14*b**3 + 62*b**2 - 34*b + 19. Calculate j(-5).
-11
Let r(f) = -9*f**2 + 459*f + 2556. Determine r(56).
36
Let c(p) = 463*p + 53111. Determine c(-115).
-134
Let q(f) = -2*f**2 + 3796*f - 30236. What is q(8)?
4
Let y(g) = -13098*g + 681106. Determine y(52).
10
Let d(u) = 51500*u + 411998. What is d(-8)?
-2
Let a(n) = -41*n**2 + 706*n - 151. Calculate a(17).
2
Let o(y) = -276*y + 8960. Determine o(34).
-424
Let f(x) = -1618*x - 276894. Determine f(-171).
-216
Let u(t) = -211*t**2 - 64769*t + 2474. Determine u(-307).
18
Let j(f) = 327*f**2 + 128*f. Determine j(-2).
1052
Let d(w) = 2*w**2 + 7676*w - 48878505. Give d(3384).
-9
Let l(m) = -m**3 - 334*m**2 + 21*m + 7029. Determine l(-334).
15
Let y(z) = 4*z**3 - 40*z**2 + z - 30. Determine y(10).
-20
Let f(k) = 2*k**2 + 1954*k + 473118. What is f(-443)?
-6
Let s(o) = -o**3 + 6*o**2 - 10*o - 281. Calculate s(5).
-306
Let y(p) = -p**3 + 126*p**2 + 31*p - 4614. Determine y(126).
-708
Let c(j) = 473*j + 54871. What is c(-116)?
3
Let t(n) = 4*n**3 + 316*n**2 - 2*n - 408. Give t(-79).
-250
Let p(w) = -2*w**2 + 7571*w - 150762. Determine p(20).
-142
Let b(a) = -33087*a + 132181. Give b(4).
-167
Let m(u) = 2138*u + 43400. Give m(-20).
640
Let l(j) = -287*j - 42. What is l(3)?
-903
Let v(h) = -260*h + 5616. Determine v(23).
-364
Let o(v) = -v**2 + 78*v + 160133. What is o(-363)?
50
Let l(w) = -w**2 - 217*w + 217. What is l(1)?
-1
Let t(d) = -d**2 + 96*d - 2854. Determine t(49).
-551
Let j(v) = -v**3 + 525*v**2 - 1053*v + 3594. Determine j(523).
-67
Let f(j) = -778495*j + 14791410. Determine f(19).
5
Let a(j) = -16*j**2 + 545*j + 6178. Determine a(43).
29
Let v(d) = 4*d**2 + 253*d - 595. What is v(-66)?
131
Let k(b) = 4*b**2 + 1024*b - 1431. Calculate k(-257).
-403
Let b(g) = -3*g**3 + 3*g**2 + 5*g + 114. What is b(-7)?
1255
Let r(s) = 4*s + 1129. Give r(-23).
1037
Let f(t) = 2*t**3 + 909*t**2 + 1345*t - 6269. Determine f(-453).
73
Let b(l) = -6*l**2 + 33613*l - 234998. Calculate b(7).
-1
Let m(w) = 13*w**2 + 1516*w - 7877. Determine m(5).
28
Let z(a) = -32*a**3 + 1651*a**2 + 663*a - 34. What is z(52)?
-710
Let k(x) = 2*x**3 + 33*x**2 + 8*x - 238. Determine k(-18).
-1354
Let n(v) = 178500*v - 1785014. What is n(10)?
-14
Let z(x) = 56*x**2 + 26717*x + 2389. What is z(-477)?
4
Let i(a) = a**3 - 49*a**2 + 585*a + 37. What is i(21)?
-26
Let w(o) = -o**2 - 259*o - 16067. Calculate w(-156).
1
Let z(w) = -17331*w - 16784. Give z(-1).
547
Let n(s) = -229*s**2 + 1575*s + 203. Give n(7).
7
Let c(b) = -26*b**2 - 545*b + 2171. What is c(4)?
-425
Let r(n) = 49*n**3 + 12*n**2 - 32*n + 20. Calculate r(2).
396
Let h(f) = 398213*f - 2787501. What is h(7)?
-10
Let h(v) = 33271*v**2 - 133088*v + 4. Determine h(4).
-12
Let c(d) = -569025*d - 569011. What is c(-1)?
14
Let q(s) = -s**3 + 62*s**2 + 46*s - 1159. Calculate q(-5).
286
Let l(v) = -975*v + 171595. Calculate l(176).
-5
Let h(t) = 613*t - 120748. Determine h(197).
13
Let g(s) = -s**2 + 1474*s - 497350. Determine g(523).
23
Let c(z) = 1713*z**3 + 27404*z**2 - 72*z - 37. Determine c(-16).
91
Let v(g) = -g**3 + 28*g**2 - 2541*g + 19030. What is v(8)?
-18
Let h(k) = -11956*k - 2211863. Determine h(-185).
-3
Let x(p) = 10*p**3 + 33*p**2 + 33*p + 37. Determine x(-3).
-35
Let b(l) = 3*l**2 - 179*l - 3252. What is b(75)?
198
Let c(j) = j**3 - 42*j**2 - 83*j + 6. Determine c(44).
226
Let a(g) = 118027*g - 1888421. What is a(16)?
11
Let g(s) = -s**3 - 115*s**2 - 548*s + 21. Calculate g(-5).
11
Let q(l) = -32*l + 1978. Give q(76).
-454
Let k(o) = -o**3 - 557*o**2 + 9740*o - 10382. Determine k(-574).
-50
Let a(j) = -4782*j + 47556. What is a(10)?
-264
Let f(u) = 907*u + 50430. What is f(-54)?
1452
Let q(v) = v**3 - 750*v**2 - 806*v - 524898. Give q(752).
-2
Let i(r) = -152963*r + 3977043. Calculate i(26).
5
Let m(o) = 841*o - 2017. Give m(2).
-335
Let l(a) = 2*a**3 - 8*a**2 - 1763*a + 10437. Give l(6).
3
Let s(x) = -x**2 + 400*x - 27886. Calculate s(90).
14
Let s(a) = 384*a**2 + 16160*a + 1353. What is s(-42)?
9
Let m(l) = 9*l**2 - 220*l - 1109. What is m(-5)?
216
Let i(d) = -7219*d + 36528. Calculate i(5).
433
Let a(k) = -2*k**3 + k**2 - 7363*k - 15. Determine a(0).
-15
Let k(j) = j**3 - 248*j + 287. Give k(-17).
-410
Let h(k) = 161*k**2 + 6584*k - 686. What is h(-41)?
11
Let w(k) = 11842*k + 1361825. Calculate w(-115).
-5
Let r(w) = -w**3 - 15*w**2 - 35*w + 41. Give r(-10).
-109
Let s(z) = 6*z**2 - 411*z + 6736. Calculate s(40).
-104
Let w(o) = 2*o**3 - 101*o**2 - 1392*o - 1307. Determine w(62).
801
Let c(s) = 4294*s + 2152. Give c(-1).
-2142
Let p(q) = -2*q**3 - 6075*q**2 + 60939*q - 18. Determine p(10).
-128
Let r(n) = 215*n**2 + 5*n - 14. What is r(-1)?
196
Let d(c) = 1420*c + 12833. Calculate d(-9).
53
Let d(w) = -w**2 - 6805*w + 495128. What is d(72)?
-16
Let t(c) = -c**2 - 153*c - 4330. Give t(-114).
116
Let y(m) = 19*m**3 + 6872*m**2 - 2173*m - 436. Calculate y(-362).
-74
Let l(y) = 15*y**2 + 102*y - 1204. Calculate l(-12).
-268
Let b(g) = 2*g**2 - 1253*g - 460977. Calculate b(-260).
3
Let i(s) = 5448*s + 30080. Determine i(-6).
-2608
Let p(g) = -61*g**2 + 3093*g - 5103. Give p(49).
-7
Let o(z) = 10151*z - 3177319. Determine o(313).
-56
Let x(k) = -316*k + 7358. Calculate x(20).
1038
Let c(h) = h**2 + 3172480*h + 9517430. Determine c(-3).
-1
Let s(t) = 2*t**3 - 79*t - 125. Give s(-8).
-517
Let h(z) = 104*z + 12712. Determine h(-117).
544
Let o(d) = -5030*d + 40235. Determine o(8).
-5
Let w(s) = -17169*s - 171695. Determine w(-10).
-5
Let d(f) = -f**2 + 45*f - 1013. What is d(30)?
-563
Let d(h) = -9*h**3 - 4*h**2 + 574*h + 3385. Calculate d(-6).
1741
Let q(v) = -2*v**3 - 25*v**2 - 948*v - 8481. Give q(-9).
-516
Let c(s) = 3384*s - 33860. Calculate c(10).
-20
Let c(p) = 28*p**2 + 4479*p - 155. What is c(-160)?
5
Let d(g) = -g**3 - 70*g**2 - 564*g + 16. Calculate d(-9).
151
Let p(h) = -19*h**2 - 3098*h - 96488. Determine p(-42).
112
Let y(b) = 6047191*b - 42330344. Give y(7).
-7
Let v(t) = t**3 + 55*t**2 + 248*t + 2165. Give v(-51).
-79
Let o(j) = j**3 - 68*j**2 + 427*j + 140. What is o(61)?
140
Let s(q) = -6*q**2 - 288*q - 329. Calculate s(-43).
961
Let w(h) = -2*h**2 - 70*h + 143. Give w(3).
-85
Let c(d) = 14*d - 747. Give c(0).
-747
Let m(j) = -j**3 + 76*j**2 - 1235*j + 108638. Give m(78).
140
Let z(v) = -2456*v + 4223. Determine z(2).
-689
Let h(g) = 54*g + 2685. Determine h(-28).
1173
Let s(a) = -10*a**2 - 1750*a + 86008. Calculate s(40).
8
Let w(q) = -3*q**3 - 12*q**2 - 74*q - 187. Determine w(-3).
8
Let y(q) = 7*q**3 - 5*q**2 - 9*q + 92. Give y(5).
797
Let h(j) = -329*j + 41148. Give h(125).
23
Let g(q) = -28*q**2 + 265*q - 104. Determine g(8).
224
Let r(l) = -2*l**3 - 71*l**2 + 319*l - 8. What is r(4)?
4
Let a(h) = h**3 + 99*h**2 + 344*h + 5461. Give a(-96).
85
Let b(p) = -5*p**3 + 20*p**2 - 37*p + 50. Give b(2).
16
Let r(f) = 2471*f - 345915. Give r(140).
25
Let a(k) = -1741*k + 5737. Calculate a(3).
514
Let g(d) = d**3 + 69*d**2 + 2931*d + 202249. Calculate g(-69).
10
Let s(m) = -m**3 + 508*m**2 + 2648*m - 42568. Calculate s(513).
11
Let z(m) = 2*m**3 + 4*m**2 + 181*m - 379. What is z(2)?
15
Let p(a) = 2936*a + 5868. Calculate p(-2).
-4
Let p(n) = -8*n**3 - 4889*n**2 - 590*n + 13356. What is p(-611)?
525
Let p(i) = -436*i + 167. Determine p(3).
-1141
Let p(g) = g**3 - 180*g**2 - 6276*g + 61. What is p(-30)?
-659
Let v(z) = -z**2 + 697*z - 111585. Calculate v(448).
-33
Let c(x) = 17*x**2 + 296*x - 94. What is c(-18)?
86
Let z(w) = 22774*w - 227742. Give z(10).
-2
Let f(a) = -10*a**2 - 126*a - 1443. Give f(-17).
-2191
Let l(n) = -69*n**2 + 77*n + 18. W